
Let t = -3 + 6. Let n be (34 + (-4)/(-2))*1. Suppose 4*b = f - n, -2*f + 51 = -2*b + t. What is the units digit of f?
0
Suppose 3*u = -3*y - 0*y - 6, 3*y = -5*u - 8. Let i = y - -4. What is the units digit of i?
3
Let l(o) = o**2 - 14*o + 11. Suppose -z - 31 = -g - g, -5*g = 4*z - 71. What is the units digit of l(g)?
6
Suppose -18 + 91 = 5*i + 3*s, 5*i - 69 = s. What is the units digit of i?
4
Let b(p) = 3*p**2 + p - 3. Let q be b(3). Suppose -35 = -5*l + 5*w, -5*l + 3*w - 2 = -q. What is the units digit of l?
2
Suppose 0 = 12*k - 10*k - 8. What is the units digit of k?
4
Suppose -2*f = -6*f - i - 5, 4*f + 2*i = -10. Let j = 10 - f. Suppose -5*m - 3*c = 2*c - j, 0 = m - 2*c - 5. What is the units digit of m?
3
Let h = -6 - -6. Let k be (-2 + 10)/(h - -2). Suppose k = n - 5. What is the units digit of n?
9
Let s = 672 + -476. What is the units digit of s?
6
Suppose -2*s = -0*s + 14. Let j be (-12)/s + (-10)/(-35). Let i = 1 + j. What is the units digit of i?
3
Suppose 12 = 2*a - 4*c, 3*a + 0*c - 28 = c. What is the tens digit of a?
1
Let y(t) = -8*t + 4*t**2 - 5*t**2 + t - 3. Let o be y(-7). What is the units digit of (-36)/o + (-2)/(-2)?
3
Let m = 83 + -50. What is the units digit of m?
3
Let w(t) = -t**3 - 6*t**2 - 4*t + 3. Let v be w(-5). Let h = -8 - -3. Let c = v - h. What is the units digit of c?
3
Let g = -9 - -22. Suppose 5*p = p. Suppose -g = -z + 2*h, 0 = -2*z - p*h - 2*h - 4. What is the units digit of z?
3
Let d = -4 + -7. Suppose -2*u = -q + 3*u - 20, 4*q + 14 = -2*u. Let g = q - d. What is the units digit of g?
6
Let y(n) = 3*n - 1. Let m be y(7). What is the tens digit of m + (-2 + 4)*-1?
1
Let m be (2/(-4))/((-4)/(-40)). What is the units digit of 2*1 + m + 4?
1
Let c be 0 + 4/(-2)*2. What is the tens digit of 610/20 - 2/c?
3
Suppose -4*u - 4*a + 0*a + 16 = 0, -2*a + 8 = -u. Suppose u*d + 2 = 2*x + 2*d, x = d + 11. Suppose -3*l - 33 = -x*l. What is the tens digit of l?
1
Suppose 4*n - 188 = 5*f, -4*f - n = -0*n + 142. What is the tens digit of 6/f - 254/(-12)?
2
Let d(r) = r**2 - 1. Let u be d(-2). Suppose -2 = -2*m + u*m. What is the units digit of m - -5 - (1 + -3)?
5
Let i be -1*(-6)/(-4)*-6. What is the tens digit of ((-3)/i)/(1/(-42))?
1
Let t be -49 - (4 - (0 - -1)). Let k = 91 + t. What is the tens digit of k?
3
Suppose -3*r + 279 = -90. What is the hundreds digit of r?
1
Let j = 11 + -8. Suppose 3*f = 4*i - 12, -i = 3*f + 3*i - 12. Suppose f*w - 27 = -j*w. What is the units digit of w?
9
Let x = 5 - 2. Suppose 11 = 4*k + x. Suppose k*w - 72 = -2*w. What is the units digit of w?
8
Let z(o) = 5*o + 4. Let l be z(4). Suppose 39 = 3*d + k, -3*d + k = -15 - l. Suppose 11 = 2*v - 2*c - d, 0 = -v + 2*c + 17. What is the units digit of v?
7
Suppose 2*w + w = 24. Suppose 0 = -5*d - 4*b + 37, -22 - w = -3*d - 5*b. Suppose 10 = 3*o + 2*o - d*a, 5*o + 4*a = 55. What is the units digit of o?
7
Let w = -35 + 61. What is the units digit of w?
6
Suppose -3*w + 3 + 72 = 0. What is the units digit of w?
5
Let b(n) be the third derivative of n**5/60 - n**3/6 + 2*n**2. What is the units digit of b(4)?
5
What is the units digit of 195/21 - (-4)/(-14)?
9
Let g(k) = k**3 + 2*k**2 - 2*k - 2. Suppose 3*x = x - 6. Let h be g(x). What is the units digit of (-6)/15 + (-52)/h?
0
What is the tens digit of 7*2*(-4 - -5)?
1
Suppose 25 = -5*n, 5*n = 2*i - 15 - 48. Let r(s) = -s + 7. Let p be r(4). Suppose -5*t = 5*x + 20, i - 5 = -x - p*t. What is the units digit of x?
1
Suppose -2*r + 7 - 1 = 0. Suppose -2*s - r*s = -45. What is the units digit of s?
9
Suppose 2*j + 7 = 71. What is the tens digit of j?
3
Let i(g) = -2*g + 1. Let u be i(2). What is the units digit of 5 + u + 4 + -3?
3
Suppose -13 = 5*z - 138. What is the units digit of z?
5
Let k = 630 + -421. What is the hundreds digit of k?
2
Let v(y) = 5*y - 5. Let c be v(-11). What is the units digit of (-12)/42 - c/14?
4
Let g be 79 - (3 + -1) - -3. Suppose 32 = a - 3*o, 2*o - g = -4*a - 2*o. What is the units digit of a?
3
What is the hundreds digit of 133 + (-1)/(15/9 - 2)?
1
Let k be (36/(-8) + -2)*-2. Suppose 4*s + k = m + 88, -40 = -s - 4*m. What is the tens digit of s?
2
What is the tens digit of 1 + (-15)/(2/(-2))?
1
Let v(z) = 4*z - 13. Suppose -2*g + 20 = -2*b, -7*b = -3*b + 4. What is the units digit of v(g)?
3
Let a(x) be the second derivative of 3*x**5/10 - x**4/6 + x**3/3 - x**2/2 + 2*x. What is the units digit of a(1)?
5
Let f(i) be the first derivative of 6*i**2 + i - 1. What is the tens digit of f(1)?
1
Let t be (1 + -1)/(1/1). Suppose 2*a + 0*i + 4*i - 18 = 0, 3*a + i - 12 = t. What is the units digit of a?
3
Let r(o) = 25*o + 5*o**2 + 2 - o**3 - 27*o - 1. Let k(w) = -4*w. Let a be k(-1). What is the units digit of r(a)?
9
Let p(c) = -3*c. Let d be p(5). Let y = d + 17. What is the units digit of y?
2
Suppose -2*z + o = -75, -4*z = -4*o - o - 159. What is the units digit of z?
6
Let u(m) = 3*m**2 - 16*m - 2. What is the tens digit of u(8)?
6
Suppose 0 = -2*o - 2*o + 112. What is the tens digit of o?
2
Let v = -12 + 43. Let s = v - 21. What is the units digit of s?
0
Let m = 28 - 60. Let s = -18 - m. What is the units digit of s?
4
What is the units digit of 1 + ((-1)/4)/((-7)/84)?
4
Suppose 0 = i + 16 - 32. What is the units digit of i?
6
Suppose -3*z = z - 12, -z = -3*h + 57. Suppose 3*o - h = 28. What is the tens digit of o?
1
Suppose i - 3*v - 102 = 0, 2*i = v + 122 + 102. What is the hundreds digit of i?
1
Let c(l) = l**3 + 3*l**2 + 2*l - 3. Let d be c(-3). Let v be -3*-2*(-6)/d. Suppose -11 = v*b + 9, -3*t + 1 = 4*b. What is the units digit of t?
7
Let q(w) = -2*w**3 - 6*w**2 - w + 6. Let k(i) = i**3 + i**2 - 1. Let g(n) = 6*k(n) + q(n). Let d be 6/4 + 1/(-2). What is the units digit of g(d)?
3
Let b(y) = -y**3. Let a(g) = -g**3 - 5*g**2 - 5*g - 6. Let c(m) = -a(m) + 2*b(m). What is the units digit of c(5)?
1
Suppose -2 = t, -33 = -3*h + 3*t - 0*t. Let p = -3 - -3. Let m = h + p. What is the units digit of m?
9
Let j(u) be the second derivative of -2/3*u**3 + u + 1/6*u**4 + 0 - 3/2*u**2. What is the units digit of j(-2)?
3
Let c = -11 - -16. Suppose c*s - 23 = 4*s. What is the tens digit of s?
2
Suppose -4*c - 80 = -0*c. What is the tens digit of c/(-3)*72/30?
1
What is the units digit of (-1 + -23)/((-33)/22)?
6
Let l be (-8)/(-16)*19*2. Suppose -l = -6*s + 2*s - 3*p, 0 = 4*s - p - 15. What is the units digit of s?
4
Let m = -9 + 14. Suppose -m*f = -f + 128. What is the tens digit of 4/(-6) + f/(-3)?
1
Let j = -8 - -3. Let s(t) = t**3 + 7*t**2 + 3*t - 4. What is the units digit of s(j)?
1
What is the tens digit of 4 + 1566/6 - 1?
6
Suppose -s + 10 = s. Suppose -s*k = -92 + 22. What is the units digit of k?
4
Suppose 0 = -0*q - q. What is the units digit of 3 + (-1)/(-2)*q?
3
Let n be (3 - 3) + 4/2. Suppose -4*s = -2*b - 3*s + 125, -265 = -4*b + 5*s. Suppose 0 = -4*h - 3*o + b, -5*h + 45 = -2*h - n*o. What is the units digit of h?
5
Let d(h) = -h**3 - 5*h**2 - 4*h + 2. Let k be d(-4). What is the tens digit of (-5)/k*-7*2?
3
Let p be (-165)/44*(-80)/6. Suppose -5*q - 3*i + 201 = 0, 5*q + i - 247 + p = 0. What is the tens digit of q?
3
Suppose -2*m + 36 = 2*r, -2*m + 2 = r - 15. Suppose j = 33 + r. What is the units digit of j?
2
Let v(k) = 6*k. Let n(z) = -z**3 - 9*z**2 - 9*z - 1. Let f be n(-8). What is the tens digit of v(f)?
4
Suppose 0*l - l + m + 123 = 0, m + 1 = 0. What is the hundreds digit of l?
1
Let g(d) = -d - 8. Let t be g(-12). Suppose -t*c + 100 = -2*o, -100 = -0*c - 4*c + o. What is the units digit of c?
5
Suppose 0 = -4*t + 13 + 71. What is the units digit of t?
1
Let o = 11 + -11. What is the units digit of 35 - (-7 - (-4 - o))?
8
Let g(m) = -m**2 + 8*m + 9. Let p be g(8). Suppose 3*u = p, -3*s + s = -3*u + 9. Suppose s + 1 = y. What is the units digit of y?
1
Let d(f) = f**2 - 13*f + 17. What is the tens digit of d(16)?
6
Suppose -p + 3 = 4*k, 7 = 5*p - 8. Let d = 1 - k. Suppose 2 = z - d. What is the units digit of z?
3
Suppose 2*w + 217 = 3*r, -r = w - 41 - 28. What is the tens digit of r?
7
Let y(g) = -14*g**3 - 2*g**2 + 1. Let z be y(-1). Let t = z + -8. What is the units digit of t?
5
Suppose 5*v + 85 = -q, 5 - 22 = v - 4*q. Let m be -32 + (-2 - -6) + 1. Let x = v - m. What is the units digit of x?
0
Let r(u) = 6*u + 3. What is the tens digit of r(